9, 36899
List the prime factors of 7617726502.
2, 4943, 770557
List the prime factors of 47426257.
47426257
What are the prime factors of 237234809?
7, 479, 70753
What are the prime factors of 220678814?
2, 347, 379, 839
What are the prime factors of 2537607195?
3, 5, 56391271
What are the prime factors of 250779636?
2, 3, 37, 188273
What are the prime factors of 204944819?
59, 3473641
List the prime factors of 1275973560.
2, 3, 5, 251, 523
List the prime factors of 72535796.
2, 127, 142787
List the prime factors of 1217441775.
3, 5, 11, 1475687
List the prime factors of 61359355.
5, 12271871
List the prime factors of 709875443.
17, 41757379
List the prime factors of 1774266340.
2, 5, 7, 11, 1152121
What are the prime factors of 62635623?
3, 20878541
What are the prime factors of 1407211679?
43, 911, 35923
What are the prime factors of 12586671?
3, 51797
What are the prime factors of 85815786?
2, 3, 7, 769, 2657
List the prime factors of 579997120.
2, 5, 103, 17597
List the prime factors of 216292982.
2, 4967, 21773
List the prime factors of 96396811.
7, 173, 79601
What are the prime factors of 413325876?
2, 3, 34443823
List the prime factors of 3419791720.
2, 5, 43, 1988251
What are the prime factors of 1568098462?
2, 7, 17, 19, 23, 15077
What are the prime factors of 74029337?
2273, 32569
What are the prime factors of 22195901?
7, 13, 243911
What are the prime factors of 5797680374?
2, 17, 419, 406969
What are the prime factors of 1570585400?
2, 5, 7852927
List the prime factors of 39738405.
3, 5, 7, 19, 19919
List the prime factors of 249244110.
2, 3, 5, 541, 5119
What are the prime factors of 2607919?
17, 153407
List the prime factors of 411176873.
139, 463, 6389
List the prime factors of 110059509.
3, 7, 5240929
What are the prime factors of 19319320?
2, 5, 311, 1553
What are the prime factors of 30697124?
2, 37, 211, 983
What are the prime factors of 406366388?
2, 109, 293, 3181
List the prime factors of 215875163.
7, 17, 79, 22963
List the prime factors of 137713408.
2, 7, 31, 37, 67
What are the prime factors of 63973111?
37, 89, 19427
What are the prime factors of 71790096?
2, 3, 7, 131, 233
List the prime factors of 585829499.
421, 1391519
List the prime factors of 2852412946.
2, 18097, 78809
List the prime factors of 883098039.
3, 294366013
What are the prime factors of 36726145?
5, 19, 107, 3613
What are the prime factors of 45919816?
2, 5739977
List the prime factors of 430689830.
2, 5, 41, 79, 13297
List the prime factors of 210928871.
210928871
What are the prime factors of 275586624?
2, 3, 53161
What are the prime factors of 7713761?
11, 31, 22621
List the prime factors of 118315456.
2, 7, 79, 3343
List the prime factors of 191474447.
131, 1461637
List the prime factors of 1110306002.
2, 13, 19, 23, 7517
What are the prime factors of 97325746?
2, 7, 6951839
What are the prime factors of 429757835?
5, 13, 6611659
List the prime factors of 8617119.
3, 7, 410339
What are the prime factors of 80624548?
2, 20156137
What are the prime factors of 831676077?
3, 92408453
List the prime factors of 2904292446.
2, 3, 11, 157, 241, 1163
List the prime factors of 955926931.
37, 41, 463, 1361
What are the prime factors of 285960337?
13, 31, 54583
List the prime factors of 1032367270.
2, 5, 11, 31, 302747
What are the prime factors of 1449004853?
23, 63000211
List the prime factors of 3081071324.
2, 770267831
List the prime factors of 1296094453.
3833, 338141
List the prime factors of 312846255.
3, 5, 6952139
What are the prime factors of 20971568?
2, 1310723
List the prime factors of 71786727.
3, 7976303
List the prime factors of 32906563.
661, 49783
List the prime factors of 506165769.
3, 17, 3308273
List the prime factors of 2029653311.
7, 47, 67, 92077
List the prime factors of 1303647367.
11, 1171, 101207
List the prime factors of 1459715301.
3, 11, 14744599
What are the prime factors of 1796732?
2, 7, 89, 103
List the prime factors of 6154615.
5, 349, 3527
List the prime factors of 1007215475.
5, 7, 5755517
What are the prime factors of 2259408083?
389, 5808247
What are the prime factors of 55828995?
3, 5, 3721933
List the prime factors of 155175335.
5, 7, 4433581
List the prime factors of 214193446.
2, 31, 111443
What are the prime factors of 4162157?
4162157
What are the prime factors of 501576472?
2, 67, 935777
List the prime factors of 101992109.
349, 292241
What are the prime factors of 1067848077?
3, 67, 89, 59693
What are the prime factors of 846571330?
2, 5, 11, 7696103
What are the prime factors of 2160008935?
5, 7, 2267, 3889
What are the prime factors of 2309517792?
2, 3, 19, 269, 523
What are the prime factors of 804217?
47, 71, 241
List the prime factors of 361086016.
2, 23, 31, 41, 193
List the prime factors of 129446745.
3, 5, 641, 13463
What are the prime factors of 31421115?
3, 5, 11, 2351
What are the prime factors of 30493306?
2, 461, 33073
What are the prime factors of 430320070?
2, 5, 43032007
What are the prime factors of 54299368?
2, 29, 43, 5443
What are the prime factors of 255372622?
2, 887, 143953
List the prime factors of 3098749823.
13, 238365371
List the prime factors of 30867944.
2, 3858493
List the prime factors of 244974220.
2, 5, 19, 644669
What are the prime factors of 4778159267?
7, 149, 241, 19009
What are the prime factors of 8451237?
3, 2817079
List the prime factors of 31271082.
2, 3, 1097, 4751
What are the prime factors of 499150602?
2, 3, 27730589
What are the prime factors of 18069150?
2, 3, 5, 11, 47, 233
What are the prime factors of 285682484?
2, 17, 31, 59, 2297
What are the prime factors of 179669206?
2, 19, 73, 239, 271
What are the prime factors of 61153557?
3, 20384519
What are the prime factors of 239838215?
5, 73, 657091
List the prime factors of 48113573.
547, 87959
List the prime factors of 4975517463.
3, 7, 809, 292867
List the prime factors of 750887294.
2, 375443647
List the prime factors of 8094278542.
2, 7, 23, 3591073
List the prime factors of 251910426.
2, 3, 43, 149, 6553
What are the prime factors of 92253400?
2, 5, 101, 4567
What are the prime factors of 3064582938?
2, 3, 83, 6153781
What are the prime factors of 12894387?
3, 11, 390739
What are the prime factors of 113337609?
3, 7, 11, 179, 2741
What are the prime factors of 252669815?
5, 53, 103, 9257
What are the prime factors of 31690782?
2, 3, 1760599
List the prime factors of 7509996.
2, 3, 13, 1783
List the prime factors of 816247121.
37, 22060733
What are the prime factors of 394017572?
2, 13, 641, 11821
List the prime factors of 299278524.
2, 3, 24939877
List the prime factors of 5056433872.
2, 7, 853, 7561
List the prime factors of 585889697.
29, 20203093
What are the prime factors of 6734973?
3, 7, 320713
What are the prime factors of 868654819?
509, 1706591
What are the prime factors of 49010928?
2, 3, 29, 137, 257
List the prime factors of 1694738873.
73, 163, 142427
List the prime factors of 139804689.
3, 59, 789857
What are the prime factors of 898628057?
898628057
List the prime factors of 665701898.
2, 19, 17518471
What are the prime factors of 197822116?
2, 73, 677473
List the prime factors of 57375959.
57375959
What are the prime factors of 2162810578?
2, 359, 3012271
What are the prime factors of 70548445?
5, 11, 29, 4021
What are the prime factors of 74543442?
2, 3, 12423907
List the prime factors of 230113434.
2, 3, 29, 31, 37, 1153
List the prime factors of 1074632074.
2, 139, 227, 17029
What are the prime factors of 237699996?
2, 3, 19808333
What are the prime factors of 68449029?
3, 11, 197, 10529
List the prime factors of 70215366.
2, 3, 13, 23, 39139
List the prime factors of 245054173.
7, 13, 113, 23831
What are the prime factors of 552445745?
5, 110489149
What are the prime factors of 44305246?
2, 503, 44041
List the prime factors of 146199653.
146199653
What are the prime factors of 94718787?
3, 61, 517589
List the prime factors of 376527047.
13, 19, 1524401
List the prime factors of 5615265037.
43, 109, 1198051
What are the prime factors of 405403572?
2, 3, 7, 41, 53, 2221
List the prime factors of 64977837.
3, 21659279
List the prime factors of 246394375.
5, 19, 20749
What are the prime factors of 1259354969?
1259354969
List the prime factors of 221683864.
2, 27710483
List the prime fac